r of 2 and y?
2
Let s(m) = 4*m**2 - 94 + 9*m**2 - 25*m + 2*m + 25 - m**2. Let g be s(-3). Calculate the highest common factor of g and 378.
54
Suppose 155*l - z = 150*l + 164, -3*l = 4*z - 103. What is the highest common divisor of 814 and l?
11
Let a = 18387 - 10724. What is the highest common factor of 79 and a?
79
Suppose -985*n + 988*n - 62365 = -17788. What is the greatest common factor of n and 117?
117
Suppose -6*s - 24 = -2*s. Let h be 231/14 + s/4. Suppose -10*k - 170 = -h*k. Calculate the greatest common divisor of 51 and k.
17
Suppose -r + 18 = -2*r + d, -22 = r + d. Let u be ((-8)/(-12) - 34/24)*r. What is the greatest common divisor of u and 285?
15
Let d(g) = -1556*g + 9. Let q be d(-1). Let v = -1058 + q. What is the greatest common divisor of v and 39?
39
Let p be (16/(-4) - -8)/(2 - 0). Suppose c - p*c = -0*c. Let i be (c - 9)/(18/(-12)). Calculate the highest common divisor of i and 6.
6
Let l be (-24 - 0)*(-14)/6. Let d(f) = -20*f - 113. Suppose -35*z + 21*z - 84 = 0. Let k be d(z). Calculate the greatest common factor of k and l.
7
Suppose 2*b - 32 = 3*t - 2*t, 3*b - 99 = 3*t. Suppose -5*w - 2*m - 173 = 406, 0 = m + 2. Let p = t - w. What is the greatest common divisor of p and 54?
27
Let i be (-7 + 208/16)*1/2. What is the greatest common divisor of i and 223?
1
Suppose 2*d + 2*b = 234, 3*d = -0*d - b + 353. Calculate the highest common divisor of d and 31742.
118
Let y(r) = -17 + 23*r - 5 - 4 - 11. Let j be y(5). What is the greatest common factor of 91 and j?
13
Let j be -2 + 169 - (-2)/2. Suppose 3*m = w + 8, -24*m - 5 = -29*m. Let n be (-236)/(-10) - 2/w. What is the highest common divisor of j and n?
24
Suppose 7*t - 2750 = -439 + 3926. Calculate the highest common factor of 11 and t.
11
Suppose -578 + 32 = 2*k. Let v = 285 + k. What is the highest common factor of 126 and v?
6
Let q(h) = -5*h**2 + h - 5. Let y be q(-6). Let c(l) = -67*l**2 - 8*l + 3. Let g be c(1). Let k = g - y. What is the highest common divisor of k and 7?
7
Suppose -5*z = -3*q + 202, 7*q - 2*q - z - 322 = 0. Calculate the greatest common divisor of q and 24.
8
Let w = -24682 - -25426. Calculate the highest common factor of w and 1023.
93
Suppose 6*p + 7*p = 260. Let c be (-130)/p*(-1 - 35). Let f = 442 - c. Calculate the highest common factor of 13 and f.
13
Suppose 0 = 8*t - 13*t + 100. Let g(q) = -q**3 + 21*q**2 - 17*q + 3. Let p be g(t). What is the greatest common factor of p and 84?
21
Let i be (8 - (-8 + 6))/1. What is the highest common factor of i and 5870?
10
Let c(w) = w**2 + 5*w + 7. Suppose 3*a - 25 + 37 = 0. Let y be c(a). Suppose 9*l = 29*l - 180. What is the greatest common factor of y and l?
3
Suppose 31*q - 61 = 40 - 8. What is the greatest common divisor of 1899 and q?
3
Suppose 1455*l - 45 = -5*r + 1460*l, -4*r = 3*l - 99. What is the greatest common divisor of r and 1014?
6
Let y(i) = 3*i**2 - 208*i + 911. Let b be y(68). Calculate the highest common divisor of 2982 and b.
213
Suppose 0 = -g - 4*g + 160. Let x(b) = 3*b**3 - 11*b**2 + 50*b - 254. Let n be x(5). What is the highest common divisor of g and n?
32
Let c be 88/(-8) - (-3 + 1). Let r = c + 23. Let o be 332/r + 20/70. What is the greatest common factor of o and 192?
24
Suppose -181*b - 317*b + 127*b + 3394279 = 0. Calculate the greatest common divisor of 14 and b.
7
Let n be 1400/(-35)*32/(-10). Calculate the highest common factor of 688 and n.
16
Suppose 4*h = -2*t - h - 21, -3*t + 31 = -5*h. Let b(k) = 4 - 9*k - k**t + 2*k**2 + 6 - k. Let g be b(10). Calculate the highest common divisor of g and 10.
10
Let a be 730/30 + (-2)/6. Suppose -38 = -5*u + 107. Suppose -2*w - 17 = -u. What is the highest common divisor of a and w?
6
Let g = -10 - -95. Suppose -4*x - k = 2*k - g, 2*x + k = 43. Let n be -5 - -1 - -1 - -113. What is the greatest common factor of x and n?
22
Let h(x) = -5*x**2 - 14*x + 453. Let b be h(0). Calculate the highest common divisor of 12 and b.
3
Let w be 34/7 + (-96)/112. Let k be (w - 2)/(6/180). What is the greatest common divisor of 140 and k?
20
Suppose 101*a - 577 - 2251 = 0. Let b be 1*-1 + (-635)/(-5). What is the greatest common divisor of a and b?
14
Let u be (-12 - 26884/65)/(2/(-25)). What is the highest common factor of u and 399?
133
Suppose 0 = -193*l - 50*l + 29160. What is the highest common factor of 72 and l?
24
Suppose 5*i - 930 = 985. Let o = i + -374. Calculate the highest common factor of 9 and o.
9
Let b be 0 - -9*56/12. Suppose 162 = -5*t + b. Let q = t + 34. Calculate the greatest common factor of q and 5.
5
Suppose -8*r - 2422 = -574. Let n be ((-1980)/r)/(2/14). What is the highest common divisor of 36 and n?
12
Let z(m) = 7*m**3 + 24*m**2 - 217*m - 49. Let f be z(10). What is the greatest common divisor of 167 and f?
167
Suppose 5*h + 58 - 283 = 0. Let j(o) = -3*o**3 - 15*o**2 - 2*o + 7. Let m be j(-7). What is the highest common divisor of h and m?
45
Let m be (-3)/((18/(-60))/((-1)/(-5))). Suppose -m*q + 181 = -35. Calculate the greatest common factor of q and 162.
54
Let f be -2 + ((-400)/(-5) - -7). Calculate the highest common factor of 102 and f.
17
Let f = -22939 - -22983. Let u be 3/5 + 711/15. Calculate the greatest common factor of u and f.
4
Suppose -2*y = t - 13, -4*t + y + 42 = -y. Let u(a) = 3*a**2 - 21*a + 57. Let s be u(t). What is the highest common divisor of 21 and s?
21
Let m be (-248)/5 + 3 + 17/(-5). Let a = m - 49. Let o = -34 - a. What is the highest common divisor of 13 and o?
13
Let t = -6576 - -6590. Let l(y) = -79*y + 1. Let d be l(-3). Calculate the highest common divisor of d and t.
14
Let g be 1/((-2)/424)*(-26)/(-52). Let f = g - -130. What is the highest common divisor of f and 48?
24
Let j(k) = 2*k**2 - 2. Let u be j(-5). Suppose 210*d - 124*d - 117*d + 19344 = 0. Calculate the greatest common divisor of u and d.
48
Let a = 1 + 2. Suppose -4*q = -5*v - 528, q - 119 = a*v + 13. Suppose 25 = 2*b - k, -2*b = -67*k + 71*k - 20. Calculate the highest common divisor of b and q.
12
Let o = -11724 + 24512. What is the greatest common divisor of 92 and o?
92
Let m be 2/(-7) + 267/(-21). Let h(k) = k**2 + 5*k - 19. Let v be h(m). What is the highest common factor of v and 10?
5
Let c(m) = -26*m - 1638. Let z be c(-64). What is the highest common factor of 65 and z?
13
Suppose -18*y = -21*y + 699. Let s = y + 135. Suppose 0 = 3*o - 50 - 88. What is the greatest common factor of o and s?
46
Suppose -2 = -138*y + 137*y. Suppose -2*s + 3*s + 2*m = 2, y*s - 19 = -m. What is the highest common divisor of s and 14?
2
Let j be (15 - 3)/((-24)/(-804)). Let u = -350 + j. Suppose -5*h - 2*s + 73 = 0, 6*s = -3*h + s + 59. Calculate the highest common factor of h and u.
13
Let z = 932 - 893. Suppose -w + 4*w - 51 = 0. Let h = 61 + w. Calculate the highest common factor of h and z.
39
Suppose -r - 2*r = 639. Let d = 89 + r. Let m = 181 + d. Calculate the highest common divisor of m and 38.
19
Let h(w) = -42*w + 1454. Let n be h(36). Let m = 0 - -4. Let f be n/(-10) - 44/55 - m. Calculate the highest common factor of 3 and f.
1
Let z = 0 + 0. Suppose -29*o + 400 = -615. Suppose 3*r - 10 = -5*x, -o = -3*x - z*r + 4*r. Calculate the greatest common factor of x and 35.
5
Let p(l) = -99*l + 69. Let a be p(0). Calculate the greatest common divisor of a and 12.
3
Let l be (3 + (-63)/(-4))/((-12)/(-8))*46. Calculate the highest common factor of l and 207.
23
Suppose -16*y + 31*y = 45. Let f be 111 + 12*(y/9)/1. Calculate the highest common factor of 46 and f.
23
Let b = -898 + 938. Let y = -27 + 35. What is the greatest common divisor of y and b?
8
Suppose s + 2*t = 150, -8*s = -6*s + 3*t - 293. What is the highest common factor of 731 and s?
17
Let r(s) = 11*s**2 - 3*s - 18. Let g(k) = 12*k + 18. Let z be g(-1). Let n be r(z). What is the highest common divisor of n and 40?
40
Let s(y) = -10*y + 262. Let o be s(25). Let z = 258 + -487. Let m = -145 - z. Calculate the greatest common factor of o and m.
12
Suppose 4*v + 30*m = 31*m + 3358, 5*v + m - 4202 = 0. Let h = v + -781. What is the highest common factor of h and 767?
59
Suppose -o + 5 = 0, -4*z - z + 2*o = -245. Suppose z = -q + 4*q + v, 0 = -5*q - 5*v + 75. Calculate the highest common divisor of q and 2.
2
Let a(h) = 2*h**3 + 16*h**2 + 22*h - 5. Let g be a(-